{"id":14,"date":"2022-08-06T18:21:18","date_gmt":"2022-08-06T16:21:18","guid":{"rendered":"https:\/\/informacaf.fr\/?page_id=14"},"modified":"2024-10-28T09:21:25","modified_gmt":"2024-10-28T08:21:25","slug":"about","status":"publish","type":"page","link":"https:\/\/informacaf.fr\/index.php\/about\/","title":{"rendered":"A propos"},"content":{"rendered":"\n<p><\/p>\n\n\n\n<p>Notre association existe depuis 15 ans.<\/p>\n\n\n\n<p><br>A l&rsquo;origine, le but de l&rsquo;association \u00ab&nbsp;Inform&rsquo;ACAF \u00bb est de promouvoir la pratique de l\u2019informatique \u00e0 tous les niveaux, d\u2019initier \u00e0 l\u2019informatique personnelle, d\u2019aider \u00e0 l\u2019utilisation de l\u2019informatique familiale et ludique. Elle est un espace d\u00e9di\u00e9 \u00e0 la d\u00e9couverte et \u00e0 l\u2019apprentissage de l\u2019informatique, du multim\u00e9dia et de la communication web.<\/p>\n\n\n\n<p><\/p>\n\n\n\n<p>Nous organisons des ateliers anim\u00e9s b\u00e9n\u00e9volement par des membres de l&rsquo;association qui le souhaitent.<\/p>\n\n\n\n<p><\/p>\n\n\n\n<p>En 2022, nous avons d\u00e9marr\u00e9 une activit\u00e9 de \u00ab\u00a0<a href=\"https:\/\/informacaf.fr\/index.php\/repaircafe\/\" data-type=\"page\" data-id=\"97\">Repair caf\u00e9<\/a>\u00a0\u00bb .<\/p>\n\n\n\n<p>Et en 2024, nous d\u00e9marrons nos nouveaux ateliers \u00ab\u00a0<a href=\"https:\/\/informacaf.fr\/index.php\/2024\/08\/31\/fabrik-ton-truc\/\" data-type=\"post\" data-id=\"232\">Fabrik ton truc<\/a>\u00ab\u00a0<\/p>\n","protected":false},"excerpt":{"rendered":"<p>Notre association existe depuis 15 ans. A l&rsquo;origine, le but de l&rsquo;association \u00ab&nbsp;Inform&rsquo;ACAF \u00bb est de promouvoir la pratique de l\u2019informatique \u00e0 tous les niveaux, d\u2019initier \u00e0 l\u2019informatique personnelle, d\u2019aider \u00e0 l\u2019utilisation de l\u2019informatique familiale et ludique. Elle est un espace d\u00e9di\u00e9 \u00e0 la d\u00e9couverte et \u00e0 l\u2019apprentissage de l\u2019informatique, du multim\u00e9dia et de la [&hellip;]<\/p>\n","protected":false},"author":1,"featured_media":0,"parent":0,"menu_order":0,"comment_status":"closed","ping_status":"closed","template":"","meta":{"footnotes":""},"class_list":["post-14","page","type-page","status-publish","hentry"],"jetpack-related-posts":[],"jetpack_sharing_enabled":true,"_links":{"self":[{"href":"https:\/\/informacaf.fr\/index.php\/wp-json\/wp\/v2\/pages\/14","targetHints":{"allow":["GET"]}}],"collection":[{"href":"https:\/\/informacaf.fr\/index.php\/wp-json\/wp\/v2\/pages"}],"about":[{"href":"https:\/\/informacaf.fr\/index.php\/wp-json\/wp\/v2\/types\/page"}],"author":[{"embeddable":true,"href":"https:\/\/informacaf.fr\/index.php\/wp-json\/wp\/v2\/users\/1"}],"replies":[{"embeddable":true,"href":"https:\/\/informacaf.fr\/index.php\/wp-json\/wp\/v2\/comments?post=14"}],"version-history":[{"count":5,"href":"https:\/\/informacaf.fr\/index.php\/wp-json\/wp\/v2\/pages\/14\/revisions"}],"predecessor-version":[{"id":262,"href":"https:\/\/informacaf.fr\/index.php\/wp-json\/wp\/v2\/pages\/14\/revisions\/262"}],"wp:attachment":[{"href":"https:\/\/informacaf.fr\/index.php\/wp-json\/wp\/v2\/media?parent=14"}],"curies":[{"name":"wp","href":"https:\/\/api.w.org\/{rel}","templated":true}]}}

<p></p>



<p>Notre association existe depuis 15 ans.</p>



<p><br>A l&rsquo;origine, le but de l&rsquo;association «&nbsp;Inform&rsquo;ACAF » est de promouvoir la pratique de l’informatique à tous les niveaux, d’initier à l’informatique personnelle, d’aider à l’utilisation de l’informatique familiale et ludique. Elle est un espace dédié à la découverte et à l’apprentissage de l’informatique, du multimédia et de la communication web.</p>



<p></p>



<p>Nous organisons des ateliers animés bénévolement par des membres de l&rsquo;association qui le souhaitent.</p>



<p></p>



<p>En 2022, nous avons démarré une activité de « <a href="https://informacaf.fr/index.php/repaircafe/" data-type="page" data-id="97">Repair café</a> » .</p>



<p>Et en 2024, nous démarrons nos nouveaux ateliers « <a href="https://informacaf.fr/index.php/2024/08/31/fabrik-ton-truc/" data-type="post" data-id="232">Fabrik ton truc</a>« </p>

<p>Notre association existe depuis 15 ans. A l&rsquo;origine, le but de l&rsquo;association «&nbsp;Inform&rsquo;ACAF » est de promouvoir la pratique de l’informatique à tous les niveaux, d’initier à l’informatique personnelle, d’aider à l’utilisation de l’informatique familiale et ludique. Elle est un espace dédié à la découverte et à l’apprentissage de l’informatique, du multimédia et de la [&hellip;]</p>
